e remainder when y(-3) is divided by s?
20
Let h = -145 + 161. Calculate the remainder when 238 is divided by h.
14
Suppose -13*b = -10*b + 471. Let h = 284 + b. Calculate the remainder when h is divided by 32.
31
Calculate the remainder when 37 + -1*(-4)/(-1) is divided by 18*((-9)/(-6) + -1).
6
Suppose n + 6 = -7*c + 9*c, 0 = -3*n + 3*c - 3. What is the remainder when 27 is divided by n?
3
Let p = 35 - 31. What is the remainder when 95 is divided by p?
3
Suppose -63 = -3*g + 9. Let l = 12 - 10. Suppose l*i + 7*i = 126. Calculate the remainder when g is divided by i.
10
Let q = 656 - 612. Let a be 9*(0 - (-1 - 0)). Suppose 0 = -5*s - b + 47, -10 = -s - 5*b + a. What is the remainder when q is divided by s?
8
Suppose 3*k - 24 = -k. Let b = -45 + 45. Suppose b*v - 45 = -3*v. What is the remainder when v is divided by k?
3
Let j(u) = 45*u - 2. Let b(m) = -15*m + 1. Let c(z) = -8*b(z) - 3*j(z). Let h = -5 - -2. What is the remainder when c(h) is divided by 22?
21
Suppose 89 = 23*c - 49. Calculate the remainder when 7 is divided by c.
1
Suppose 0 = -2*b - 0 + 50. Let h = b - 1. What is the remainder when 93 is divided by h?
21
Let s(v) = -4*v - 36. Let m be s(-9). Suppose -5*j - 3*l + 311 = m, j + l - 67 = -2*l. What is the remainder when j is divided by 9?
7
Suppose -3*q = -23 - 25. Let t(d) = d**2 - 7*d + 9. Let z be t(6). Suppose 66 = 5*j + r - 172, -5*r - 126 = -z*j. What is the remainder when j is divided by q?
15
Let h(u) = 14*u + 1. Let t be h(13). Suppose 181*r + 148 = t*r. What is the remainder when r is divided by 19?
17
Suppose -2*p = -310 + 108. What is the remainder when 177 is divided by p?
76
Let g = -3 + -3. Let h(u) = 65*u**2 + 1. Calculate the remainder when h(-1) is divided by (-110)/g + 16/(-12).
15
Suppose -3*i + 5*z + 33 = -23, 0 = -4*z + 8. Calculate the remainder when 50 is divided by i.
6
Suppose 0 = -5*w - 4*s + 286, 4*w + 4*s = 93 + 135. What is the remainder when w is divided by 9?
4
Let q be 10/(-2)*27/45. Let h be 40 + -2 + (q - -4). Suppose -h = -2*r - r. What is the remainder when 50 is divided by r?
11
Suppose -5*c - g + 6*g + 315 = 0, 0 = -5*c + 2*g + 300. Calculate the remainder when 63 is divided by c.
5
Suppose 2*y + 5*i - 116 = i, -y + 5*i + 37 = 0. Calculate the remainder when 52 is divided by y.
0
Let a(x) = 2*x**2 - 18*x + 47. What is the remainder when 102 is divided by a(8)?
9
Calculate the remainder when (-273)/(-6)*260/91 is divided by 71.
59
Let n = -235 + 411. Calculate the remainder when n is divided by 45.
41
What is the remainder when 42 is divided by 1628/56 - 4/56?
13
Suppose -2*u + 330 = 4*a, u = 3*a - 62 - 188. Let v = 143 - a. What is the remainder when v is divided by 32?
28
Suppose -23 = -6*d + 103. Let q = 471 + -244. Suppose 3*m = 79 + q. Calculate the remainder when m is divided by d.
18
Suppose 3*w - 123 = 15. Let v = -8 + w. Let r = v - 15. What is the remainder when 89 is divided by r?
20
Suppose -6*b + b + 145 = 5*g, -156 = -4*g + 4*b. Let v = g - 27. Calculate the remainder when 29 is divided by v.
1
Let p(j) = -6*j + 3. Let h(d) = -3*d + 4. Let y be h(3). Calculate the remainder when p(y) is divided by 18.
15
Suppose 2*m - 16 = 3*m. Let q(k) = -6 + 0 + 3*k + 0 + 4 - 4*k. Calculate the remainder when 38 is divided by q(m).
10
Suppose -318*s + 120 = -308*s. Calculate the remainder when 287 is divided by s.
11
Calculate the remainder when 209 is divided by ((-9 - -19)/20)/(3/474).
51
Let i(t) = -2*t**3 + 4*t**2 - t - 2. Let h = -5 + 7. Let a be i(h). What is the remainder when 42 is divided by ((0 - a) + -5)*-11?
9
Suppose -j - 20 = -2*j. Suppose 4*a = -a + 25. Suppose 301 = a*y - 94. What is the remainder when y is divided by j?
19
Suppose -3 = -k - 7. Let t(h) = h**3 - h**2 + h + 27. Calculate the remainder when t(0) is divided by (k/6)/((-10)/105).
6
Let w = 27 + -19. What is the remainder when 14 is divided by -4 + 4 + 1 + w?
5
Let t(x) = -x**3 - 8*x**2 + 8*x + 4. Let d(q) = 3*q - 2. Let k be d(-2). Let l be t(k). Let w = -29 - l. What is the remainder when 123 is divided by w?
30
Suppose 2*x - 3 = 33. Let f(h) = -3 - 9*h + 13*h - 5. Calculate the remainder when f(15) is divided by x.
16
Let w = -20 - -23. Let o(d) = 34*d**2 + 8 + d**w - 66*d**2 + 46*d**2. Calculate the remainder when 13 is divided by o(-14).
5
Suppose -s + 2*c = -c - 16, -4*c = -s + 20. Suppose 31 = -s*a - 33. Let l = 9 - a. Calculate the remainder when l is divided by 14.
11
Suppose 0 = -5*r, h - 4*r + 39 = 4*h. What is the remainder when 1 + 52 - (-92)/(-23) is divided by h?
10
Let z(i) = -i + 13. Suppose 0 = 3*j + 2*k - 38, -225*j - 2*k - 46 = -229*j. What is the remainder when z(-10) is divided by j?
11
Suppose 0 = 6*o - 2*o + 4*b - 12, o - 18 = -4*b. What is the remainder when 37 is divided by (-21)/o - (3 + 20/(-8))?
7
Calculate the remainder when 278 is divided by -1*(-1)/1*(34 - 20).
12
Let o(g) = 12*g**3 - 4*g**2 + 12*g + 10. What is the remainder when o(3) is divided by 24?
22
Suppose 19 = 4*v + 5*z, 4*v + 0*v - 3*z = -5. Calculate the remainder when 53 + (v + 3 - 3) is divided by 28.
26
Suppose 2*b - g - 52 = 52, -b - 3*g = -52. What is the remainder when 85 is divided by b?
33
Let h = 1 - -16. Let q = 24 - h. Calculate the remainder when 41 is divided by q.
6
Let i(c) = -c**3 - 6*c**2 - 3*c - 12. Suppose 0 = 16*v - 14*v - 130. Calculate the remainder when v is divided by i(-6).
5
Suppose 13*v = 10*v + 11*v - 808. Let d(y) = 2*y**2 - 2*y + 8. Let k be d(6). Calculate the remainder when v is divided by k/(-6)*(-2 - 1).
33
Let f(i) = -i**2 + 18*i - 10. Suppose 2*s - 4*m - 180 = 0, -s + 14 + 41 = 5*m. What is the remainder when f(10) is divided by 94/5 - (-16)/s?
13
Suppose -86*a - 56 = -87*a. Calculate the remainder when 276 is divided by a.
52
Suppose -4*v + 35 - 7 = 0. Let j = 28 + v. Calculate the remainder when j is divided by 12.
11
Suppose -4*x - 5*p = -3, -x = -0*p - p - 3. Suppose -x*f + 195 = t - 7*f, 0 = -3*t + f + 571. Calculate the remainder when t is divided by 32.
30
Calculate the remainder when (-2*2)/(-5*(-4)/(-920)) is divided by 56.
16
Let i(d) = d**2 - d + 22. Suppose -39*v + 286 = -1157. What is the remainder when v is divided by i(0)?
15
Let m = 648 + -469. What is the remainder when m is divided by 11?
3
Suppose 0 = 62*a - 21*a - 3936. What is the remainder when 185 is divided by a?
89
Suppose 2*z = -0*z. Suppose -3*c + 16 - 4 = z. Suppose -p = 4*x - 14, 0 = c*x + 5*p + 4 - 26. What is the remainder when 11 is divided by x?
2
Let s = -2 - -29. Suppose 0 = j + 15 - s. Calculate the remainder when 35 is divided by j.
11
Suppose -4*s + l + 2*l - 204 = 0, -4*l - 176 = 4*s. Let v = 58 + s. What is the remainder when 28 is divided by v?
8
Let h(y) = -2*y - 7. Let t be h(-5). Suppose t*v + v - 100 = 0. What is the remainder when 74 is divided by v?
24
What is the remainder when (2/(-4))/(1/(-134)) is divided by ((-13)/(26/72))/((-2)/1)?
13
Let r = 264 - 223. What is the remainder when 106 is divided by r?
24
Let w(h) = 2*h**2 + 3*h + 10. Let b be w(-2). Suppose -4*d + 93 = -2*d + 5*r, -4*r = b. Calculate the remainder when d is divided by 10.
4
Calculate the remainder when (1 - -25)*(-35)/(-10)*1 is divided by (-10 + 16)*31/6.
29
Suppose -32*r + o + 177 = -28*r, -r = -5*o - 68. Suppose -4*s + 835 = 159. Calculate the remainder when s is divided by r.
40
Suppose -5*r - 7*s + 8*s + 140 = 0, 2*r - 56 = -4*s. Calculate the remainder when 53 is divided by r.
25
Let q be (8 - 6)*(-5)/2. Let f = 5 + q. Suppose f*v + 2*v - 22 = 0. Calculate the remainder when v is divided by 6.
5
Let u = -53 - -132. Suppose -u - 124 = -7*y. What is the remainder when 56 is divided by y?
27
Let v = 4 + -2. Let r = 777 + -776. Calculate the remainder when v is divided by r.
0
Let z(r) = r**3 + 11*r**2 + 3*r + 9. Let o be z(-11). Let x = 10 - o. What is the remainder when 65 is divided by x?
31
Suppose -3 = 2*m - 9. Suppose m*b = 15, -2*l + 5*l = 5*b + 5. Calculate the remainder when 0 + 135/5 + 2 is divided by l.
9
Suppose -5*c + 324 = 2*q, 18*c - 54 = 17*c - 4*q. What is the remainder when 326 is divided by c?
62
What is the remainder when 94 is divided by ((-54)/(-12) - 5)*-110?
39
Suppose -329 = -5*z - 16*r + 18*r, -z - 2*r = -73. Calculate the remainder when z is divided by 36.
31
Suppose y = 2*y - 151. Let 